he greatest common factor of o and 2.
1
Let t(w) = 19*w**2 - 7*w - 1. Suppose 2*i + 7 = 5*j - i, -8 = -3*j - 2*i. Let p be t(j). Let f = p + -37. Calculate the greatest common factor of f and 12.
12
Suppose 2338 = 4*k - 2*c, 2*k - 5*c - 1380 = -207. Calculate the highest common factor of 40 and k.
8
Suppose -6*n + 9*n = 633. Suppose 0 = 4*x + n - 547. Suppose 0 = -3*i + 5*d + 16, -2*d = 4*i + 3*d - 68. Calculate the highest common divisor of x and i.
12
Let f = -254 - -83. Let y = 192 + f. Calculate the greatest common factor of y and 357.
21
Let i(j) = 7*j**2 + j - 4. Let h be i(3). Suppose 67*t - 60 = h*t. Suppose 0*o - 5*o + 10 = 0. Calculate the highest common factor of o and t.
2
Suppose -15*z = -794 - 2851. Let h be (3 - 2)*(-8)/((-48)/162). Calculate the greatest common factor of h and z.
27
Let w be ((-198)/(-18)*(-2)/(-10))/((-1)/(-170)). What is the highest common divisor of 34 and w?
34
Suppose -142*z = -137*z - 315. Let y be -25*2/((-8)/(-4)). Let s = -4 - y. What is the greatest common divisor of s and z?
21
Suppose -18*h - 302 = -8186. Calculate the highest common divisor of h and 18.
6
Let s = -26 - -36. Suppose 3*m + 22 = 5*g, 3*m + 13 = g - 1. Let a be 1/(-2) - s/m. Calculate the greatest common divisor of a and 10.
2
Let y = -2784 + 3141. Calculate the greatest common divisor of 2907 and y.
51
Suppose -12 = 6*a - 2*a. Let m be (-5 - 0)/((-15)/36). Let q = a + m. Calculate the highest common divisor of q and 99.
9
Suppose 2725 = 27*c - 5348. Suppose 0 = -s + 3*n - 0*n + 103, n - c = -3*s. Let g be 8/16 + (-158)/(-4). Calculate the highest common factor of s and g.
20
Let y = -2071 - -2462. What is the highest common factor of y and 92?
23
Let z = 134 + -108. Suppose 0 = -4*a - 5*s - z - 14, 5*s + 30 = -2*a. Let q be (-3 + 60/a)/(3/(-2)). Calculate the greatest common divisor of q and 130.
10
Let p(k) = -k**2 - 45*k + 11. Let z be p(14). Let q = z + 911. What is the greatest common divisor of 32 and q?
32
Let a be (-56825)/(-225) - 12/(-27). What is the greatest common divisor of 275 and a?
11
Suppose 6*n - 132 = 24. Suppose 9*o = 8 - n. Let i be (-2 + 1)/o + (-630)/(-20). Calculate the highest common factor of i and 256.
32
Suppose 0 = -657*y + 658*y - 8. Let d = -349 - -357. What is the greatest common factor of y and d?
8
Suppose w + 2*c + 6 = -151, 3*w = 2*c - 495. Let l = w - -286. Let r = 127 + -86. What is the highest common factor of l and r?
41
Let k(m) = 477*m - 1423. Let y be k(3). What is the highest common divisor of y and 256?
8
Suppose 23 = 4*l - 49. Let y(j) = j**2 - 19*j + 34. Let s be y(l). Let f = 26 - 2. Calculate the greatest common factor of f and s.
8
Let s(l) = -169*l + 559. Let y be s(3). Calculate the greatest common factor of 494 and y.
26
Suppose 2*g = 3*w + 17, w = 5*g - 2*w - 65. Let n(d) = -32*d + 15*d + 26 + 16*d. Let v be n(g). Calculate the highest common factor of 6 and v.
2
Let o be ((-12)/(-8))/((-3)/14). Let w be o/(35/(-1215)) + 0. What is the greatest common factor of w and 27?
27
Let x = 295 + -157. Let b = -36 + x. Calculate the highest common factor of b and 12.
6
Suppose -270*x + 1498 + 812 = -120. What is the greatest common divisor of 5823 and x?
9
Let b(c) = 99*c**2 + 60*c + 222. Let s be b(-5). What is the greatest common factor of s and 204?
51
Let h = 19564 + -14139. What is the highest common factor of h and 35?
35
Let l = -3025 - -3250. Calculate the highest common divisor of 150 and l.
75
Let a be 4/18 - 4/18. Suppose -2*f + 0*f - 206 = a. Let w = f + 110. Calculate the highest common factor of 7 and w.
7
Let i be 12/((-9)/(-7080)*(-115)/(-46)). What is the greatest common divisor of 118 and i?
118
Let u be 210*(-1 - 6/(-4)). Let y = -56 + u. Calculate the highest common factor of y and 84.
7
Let k be (24/15)/(2/5). Let s(t) = 61*t**2 + t - 4. Let h be s(k). Calculate the greatest common factor of 16 and h.
16
Suppose -17*u + 2*u + 390 = 0. Let w be 78/(-52) + u/4*1. Calculate the greatest common divisor of w and 70.
5
Let f = -5457 - -11169. What is the highest common factor of 448 and f?
112
Suppose -25 - 35 = 10*j. Let g be 15/j*(-3 + 1). Suppose -25 = -0*s - g*s. Calculate the highest common factor of 30 and s.
5
Let u(t) = -220*t + 968. Let i be u(4). Let s = 900 + -509. Let p = -171 + s. What is the highest common divisor of p and i?
44
Suppose -35*o + 3*c + 7659 = -32*o, -4*o - c + 10187 = 0. Calculate the greatest common divisor of 392 and o.
196
Let w(o) = -8*o**3 - 3*o**2 + 2*o - 2. Let k be w(-2). Suppose k*f - 7*f = 8736. Calculate the greatest common factor of f and 14.
14
Let v = -141 - -156. Suppose v = q + 2*b - 7*b, -4*q + 135 = 5*b. What is the highest common divisor of q and 30?
30
Suppose 22 + 54 = 4*k. Let n be (-5)/20 + 30/24. Let a(b) = -15*b + 34. Let y be a(n). What is the highest common divisor of y and k?
19
Suppose 0 = 4*h - 5*a + 416, 4*h - 4*a + 416 = -3*a. Let x be (-2)/(-4) + (-1508)/h. Calculate the highest common factor of x and 21.
3
Let l be (-11)/(6/9*(-3)/2). Suppose l = 4*p - 5*x - 32, 0 = 4*p + 3*x - 51. Let m be -6*(-2 - -1)*1. Calculate the highest common divisor of p and m.
6
Suppose 5*a + 4*g = 3*a + 2, -4*g + 3 = 3*a. Let i be ((-16)/24)/((-2)/3). What is the highest common divisor of a and i?
1
Let b(m) = -136*m - 1115. Let g be b(-10). What is the greatest common divisor of 2058 and g?
49
Let b(h) = 9*h + 393. Let r be b(0). Suppose -5*l + 1833 = r. What is the greatest common factor of 12 and l?
12
Let f be (-1)/(-9)*-2 + (-1128)/(-216). Suppose l = 3*l + f*d - 71, -5*l - 3*d + 225 = 0. What is the highest common factor of l and 64?
16
Let b(z) = -z**3 - 2*z**2 + 26*z + 1. Let l be b(-7). Suppose 5*x + 65 - 265 = 0. What is the greatest common divisor of l and x?
8
Let h(k) = -3*k - 1. Let s be h(-7). Let o be 5/s - 390/(-8). Suppose -v - 2*n = -50 + 9, 2*n = v - o. Calculate the greatest common factor of v and 5.
5
Let z be -12*(-1)/4 - -3349. What is the highest common factor of 8 and z?
8
Let w(f) = -44*f**2 + 9*f + 5. Let t be w(-2). Let d = t + 729. Suppose c - 195 = 3*k, 5*c - d - 375 = 3*k. What is the highest common divisor of 72 and c?
36
Let n = 9119 + -7756. What is the greatest common divisor of 116 and n?
29
Suppose -173706 = -4*c + 5*i, -5*c + 217155 = 95*i - 90*i. Calculate the highest common factor of 634 and c.
317
Suppose -2*j + 1 = 5*f, -5*f = -4*j - f + 16. Suppose 0*d = -4*h + j*d + 87, -d - 93 = -4*h. What is the highest common factor of h and 36?
12
Let z(y) be the first derivative of 0*y**3 + 8 + 0*y**2 + 99/4*y**4 + 0*y. Let f be z(1). What is the highest common factor of 11 and f?
11
Suppose -3*u = -5*q - 7857, 4*u - 15*q + 7*q = 10472. Calculate the greatest common divisor of u and 410.
82
Let i be (-12)/102 - (-70)/17. Suppose 2*t + 0*t - 5*v = 138, i*t + 5*v - 306 = 0. Let n = 75 - t. Calculate the highest common factor of n and 2.
1
Let z(v) be the first derivative of v**4/4 - 29*v**3/3 + 57*v**2/2 - 25*v + 162. Let i be z(27). Calculate the highest common factor of i and 280.
56
Let u = -222 - -235. What is the greatest common factor of 1963 and u?
13
Let y(t) = t + 78. Let d be y(-25). Suppose d = 5*k - 112. Calculate the highest common factor of 55 and k.
11
Suppose 5*z - 5 = 2*u, 3*u = -0*z + 4*z + 10. Let i = -19 - 344. Let f = i - -393. What is the greatest common divisor of u and f?
10
Suppose 165*i - 229*i = -1302912. What is the greatest common factor of i and 78?
78
Let b(y) = -y**3 + 8*y**2 + 8*y + 9. Let g be b(9). Suppose g = l + l. Suppose l*x - 4*x = -308. Calculate the greatest common divisor of 7 and x.
7
Let a(x) = -2*x**3 - 78*x**2 + 76*x + 22. Let s be a(-40). Let y be (-1034)/(-7) - (-52)/s. What is the greatest common factor of y and 111?
37
Let u(o) = 7*o**3 - 574*o**2 + 105*o - 348. Let l be u(82). Calculate the highest common divisor of 1530 and l.
306
Suppose 139 = g + 9. Let m be 9 + 1*-2 - (-192 - -189). What is the greatest common divisor of m and g?
10
Let s(u) = -u + 59. Let i be s(39). Let y be (-140)/3*(i + -23) - 4. What is the highest common factor of y and 34?
34
Suppose u + 4*g + 47 = 103, 4*u - 88 = g. Calculate the greatest common divisor of u and 2172.
12
Let p = -18313 + 18478. Suppose -4*f + 143 + 121 = 0. Suppose -4*d + f = -3*d. Calculate the highest 